- 8. Let c be p(6). What is the greatest common divisor of c and a?
10
Let d(v) = -v**3 + 4*v**2 - v + 5. Let n be d(4). Let p(k) = 2*k**2 + 1. Let j be p(n). Suppose 8*c - 6 = 5*c. What is the greatest common factor of c and j?
1
Let w(r) = 11*r - 2. Let t be w(2). What is the highest common divisor of t and 30?
10
Suppose -5*o + 189 = -11. Suppose 5*g - 22 = 23. Suppose 2*m = 23 + g. Calculate the highest common divisor of o and m.
8
Let l = -35 - -95. What is the highest common divisor of 15 and l?
15
Suppose 0*n + 385 = 5*n. Let b = 10 + -15. Let o(h) = h**2 + 3*h - 3. Let j be o(b). What is the greatest common factor of j and n?
7
Let w be 4/(-4) + (2 - 1). Suppose w*d = 4*d. Suppose d = z - 0*z + 5, z + 26 = t. What is the greatest common factor of t and 14?
7
Suppose 109 + 83 = 8*k. Calculate the greatest common divisor of 4 and k.
4
Let c(d) = -6*d. Let m be c(-2). Suppose 2*n = 6*n - 4*l - 32, -n - l + m = 0. Let a be 232/20 + 4/n. What is the highest common factor of a and 48?
12
Let r be 4/6*57/2. Suppose 5*i - 21 = r. What is the greatest common divisor of 40 and i?
8
Let b(z) = -z**3 + 12*z**2 - 8*z - 15. Let r be b(11). Let c be (5 + 0)*12/10. Calculate the highest common factor of r and c.
6
Let w = -1 - -3. Suppose -2*b + b + 13 = -w*o, -o = -5*b + 65. What is the highest common divisor of b and 91?
13
Let s(t) = -2*t**3 + 4*t**2 + 6*t + 3. Let r be s(-2). Calculate the greatest common divisor of r and 115.
23
Suppose 6 - 2 = 4*d. Let x be 12/(d/((-8)/(-6))). Calculate the highest common factor of x and 48.
16
Suppose 0 = -3*i + 5*f + 28, -5*i - 6*f - 10 = -3*f. Let j = 2 + i. What is the greatest common divisor of j and 3?
3
Let q(u) = 2*u**2 - 4*u - 4. Let w be q(4). What is the greatest common factor of w and 6?
6
Let u be (-21)/1*(-6)/9. Suppose -5*b - u + 29 = 0. What is the highest common factor of b and 1?
1
Let h = 46 - 32. Suppose i + 9 = 37. Calculate the greatest common factor of i and h.
14
Suppose -4*z + 0 - 4 = 0, 2*f = 4*z + 598. What is the greatest common divisor of 33 and f?
33
Let b = 28 - 18. Let j = b + -11. Let z be 3/(((-1)/9)/j). What is the greatest common divisor of z and 3?
3
Suppose 0 = -5*w + 132 + 38. Calculate the greatest common factor of w and 136.
34
Suppose 29 = 2*s - 17. What is the highest common divisor of 207 and s?
23
Let x be (-32)/(-144) + 1258/9. Calculate the greatest common divisor of 56 and x.
28
Suppose -12 = -115*r + 113*r. Calculate the greatest common factor of 54 and r.
6
Let x(m) = 29*m + 4. Let y be x(1). What is the greatest common factor of 11 and y?
11
Let r(j) = 9*j - 7. Let t be r(6). Suppose 0*y + 3*a = 3*y - 24, t = 5*y + 2*a. Calculate the greatest common divisor of y and 3.
3
Let d be (23 - 8)/(6/4). What is the highest common factor of 80 and d?
10
Suppose 2*j - 3*j = 3*z - 44, 5*z - 2*j = 55. Calculate the highest common factor of z and 13.
13
Suppose 0 = -7*j + 5*j + 56. Let h be ((-96)/j)/4*-14. What is the greatest common divisor of h and 60?
12
Suppose 2 = y - 0*y. Suppose -20 = 4*p, -4*t = t + y*p - 5. What is the greatest common divisor of 3 and t?
3
Suppose 0 = -4*l + 4*v - 3*v + 149, 2*v = -2*l + 62. Suppose i = 4*i - l. Let h be 735/15 + 2/2*-1. Calculate the highest common factor of h and i.
12
Suppose -2*r + 24 = -j, -j - 14 = -2*r - 5*j. Suppose -7*o = -3*o - 176. What is the greatest common factor of r and o?
11
Let c = 67 + -27. Let b = -9 - -19. Suppose 0 = 2*d - b. What is the highest common factor of c and d?
5
Let w(o) = -o**2 + 15*o + 22. Let m be w(16). What is the highest common factor of m and 6?
6
Let s(l) = l**2 - 2*l - 6. Let o be s(5). Let p be (-3)/6*-8 + 32. Calculate the greatest common divisor of p and o.
9
Suppose -2*i - 4*o = -6 - 0, 1 = 2*i - o. What is the highest common factor of 7 and i?
1
Let a = 1 + 2. Let o be (2 + 3/(-3))*a. Suppose -n - o*n = -192. Calculate the highest common factor of 6 and n.
6
Let t(s) = -s**2 + 5*s - 2. Let l be t(3). Suppose -90 = l*m - 258. Let h be (-14)/3*(-108)/m. What is the greatest common divisor of h and 8?
4
Suppose -y = 2*y - 147. Calculate the highest common divisor of y and 7.
7
Let y(a) = -4*a**3 - 2*a**2 + 2*a - 3. Let o be y(-3). Let v be (72/40)/(3/15). What is the greatest common factor of o and v?
9
Suppose p + 0*z - 42 = 5*z, -p = -4*z - 38. Let l(o) = -o**3 - 6*o**2 - 6*o - 3. Let n be l(-6). What is the highest common factor of n and p?
11
Suppose 0*x = x + 8. Suppose 2*i = -z - 14 - 1, -2*z - 3*i - 31 = 0. Let g = x - z. What is the greatest common factor of g and 3?
3
Suppose q - c = 38, 3*q + 3*c - 122 = 2*c. Suppose -d - d = -54. Let m = d - 19. Calculate the greatest common factor of q and m.
8
Let a(x) = -x**3 - 5*x**2 - 8*x. Let s be a(-6). Calculate the greatest common factor of s and 12.
12
Let f = 6 - -8. What is the greatest common divisor of 70 and f?
14
Let i = 103 + -58. Let c be ((-18)/(-8))/(1/4). Calculate the highest common divisor of i and c.
9
Let f = -7 - -3. Let z(p) = p**2 - 3*p - 4. Let y be z(5). Let u = y + f. Calculate the highest common divisor of u and 1.
1
Let w = 10 + 11. Calculate the greatest common factor of w and 14.
7
Suppose 29 + 31 = 2*x. Calculate the highest common divisor of 20 and x.
10
Let k = -760 - -1192. What is the greatest common factor of k and 16?
16
Let u be 15 - (-2 + (-1 - -2)). Suppose 4 = r - 0, 0 = 5*y - r - 236. Calculate the highest common factor of u and y.
16
Let t = 109 - 98. Calculate the highest common factor of 55 and t.
11
Let v = 49 - 33. Calculate the greatest common divisor of v and 24.
8
Let h(d) = 333*d**2. Let j be h(-1). What is the greatest common factor of j and 37?
37
Let x(h) = -32*h - 12. Let a be x(-4). What is the greatest common factor of 29 and a?
29
Let h(i) be the first derivative of -i**2/2 + 8*i + 2. Let g be h(4). Suppose 78 = 3*z - 30. Calculate the highest common factor of g and z.
4
Let t be (-32)/3*(-54)/4. Calculate the highest common factor of t and 16.
16
Suppose -6*z + 28 = z. Calculate the highest common divisor of z and 24.
4
Let m(d) = -4*d - 1. Let r be m(-1). Suppose 0*j - j = -r. Suppose -4*x = -16, -x - 71 = -2*c - 3*c. What is the highest common factor of j and c?
3
Let g = 6 + 4. Suppose g = 3*r - 80. Calculate the highest common divisor of 20 and r.
10
Let l(g) = 25*g**2 + 2*g - 2. Let x be l(1). Calculate the highest common divisor of x and 125.
25
Let o = 6 + -2. Let m be 2/(-4) - 1/(-2). Let g = m + 4. Calculate the greatest common divisor of g and o.
4
Suppose -2*l + 7 = c, -l = c + 2*l - 3. Let h = 40 + -25. Suppose 3*j = g + 4*j - 10, -2*g - 3*j + h = 0. What is the greatest common divisor of g and c?
15
Let k be 5/(1*1/5). Calculate the greatest common divisor of 5 and k.
5
Let i(n) = -n - 7. Let a be (-9)/3 - (-2)/(-2). Let d be i(a). Let z be (-3)/(-9) + (-29)/d. Calculate the greatest common factor of z and 5.
5
Let r = -19 - -28. What is the highest common factor of r and 3?
3
Let b(m) = -3*m**3 + 2*m**2 + m - 4. Let t be b(-2). What is the highest common divisor of t and 208?
26
Let t be (-112)/(-42) + 2/6. Calculate the highest common factor of 15 and t.
3
Let b = -15 - -21. Calculate the highest common divisor of b and 4.
2
Suppose -5*w + 8*w = 0. Let k(x) = x**2 + x + 10. Let t be k(w). What is the greatest common divisor of 90 and t?
10
Suppose -69*x + 72*x - 108 = 0. Calculate the greatest common divisor of 4 and x.
4
Suppose -t = -4*t + 36. Let q = -5 + 10. Suppose -s + 63 = q*i, 0*i - 33 = -s + 5*i. What is the highest common divisor of t and s?
12
Let i(j) = j**2 + 3*j + 6. Let p be i(-5). Suppose 5*g - 2*g = 12. Calculate the greatest common factor of p and g.
4
Suppose -4*o = -4, -5*b - 3*o - 40 = -133. Calculate the greatest common factor of 2 and b.
2
Let u(i) = -2*i + 3. Let c be u(3). Let o be 6/((-9)/c) + 78. What is the highest common divisor of 10 and o?
10
Suppose -3*o + 6 = -b + 4*b, -5*b - 8 = -4*o. Suppose 0 = -4*c + 2*u + 8, -7*c = -o*c - 5*u - 15. Calculate the highest common factor of 3 and c.
1
Let t = 9 - 5. Suppose 0 = 3*d - 6, -x + t*d - 2 = 2. Let y be 37 - (-1 + 0) - 2. What is the highest common divisor of x and y?
4
Let i = -175 - -249. Calculate the highest common divisor of i and 185.
37
Suppose 88 = 3*h - 38. What is the highest